{"id":1201,"date":"2023-02-28T08:03:04","date_gmt":"2023-02-28T07:03:04","guid":{"rendered":"https:\/\/creer-votre-site-internet.com\/?page_id=1201"},"modified":"2026-01-25T18:12:48","modified_gmt":"2026-01-25T17:12:48","slug":"reservation","status":"publish","type":"page","link":"https:\/\/cinema-palace-53.fr\/?page_id=1201","title":{"rendered":"R\u00e9servation"},"content":{"rendered":"\t\t<div data-elementor-type=\"wp-page\" data-elementor-id=\"1201\" class=\"elementor elementor-1201\">\n\t\t\t\t\t\t<section class=\"elementor-section elementor-top-section elementor-element elementor-element-663611950 elementor-section-full_width elementor-section-height-default elementor-section-height-default exad-glass-effect-no wpr-particle-no wpr-jarallax-no wpr-parallax-no wpr-sticky-section-no wpr-equal-height-no exad-sticky-section-no\" data-id=\"663611950\" data-element_type=\"section\" data-e-type=\"section\">\n\t\t\t\t\t\t<div class=\"elementor-container elementor-column-gap-no\">\n\t\t\t\t\t<div class=\"elementor-column elementor-col-100 elementor-top-column elementor-element elementor-element-6a56ace6 exad-glass-effect-no exad-sticky-section-no\" data-id=\"6a56ace6\" data-element_type=\"column\" data-e-type=\"column\">\n\t\t\t<div class=\"elementor-widget-wrap elementor-element-populated\">\n\t\t\t\t\t\t<div class=\"elementor-element elementor-element-60fd486 exad-sticky-section-no exad-glass-effect-no elementor-widget elementor-widget-heading\" data-id=\"60fd486\" data-element_type=\"widget\" data-e-type=\"widget\" data-widget_type=\"heading.default\">\n\t\t\t\t<div class=\"elementor-widget-container\">\n\t\t\t\t\t<h2 class=\"elementor-heading-title elementor-size-default\">Vous pouvez r\u00e9server vos places directement en caisse ou sur la plateforme de r\u00e9servation en ligne<br> en appuyant sur le bouton ci-dessous : <\/h2>\t\t\t\t<\/div>\n\t\t\t\t<\/div>\n\t\t\t\t<div class=\"exad-link-anything-wrapper elementor-element elementor-element-f025fc1 elementor-align-center exad-sticky-section-no exad-glass-effect-no elementor-widget elementor-widget-button\" data-exad-element-link=\"{&quot;url&quot;:&quot;https:\\\/\\\/www.ticketingcine.com\\\/?EMS1290#home&quot;,&quot;is_external&quot;:&quot;&quot;,&quot;nofollow&quot;:&quot;&quot;,&quot;custom_attributes&quot;:&quot;&quot;}\" style=\"cursor: pointer\" data-id=\"f025fc1\" data-element_type=\"widget\" data-e-type=\"widget\" data-widget_type=\"button.default\">\n\t\t\t\t<div class=\"elementor-widget-container\">\n\t\t\t\t\t\t\t\t\t<div class=\"elementor-button-wrapper\">\n\t\t\t\t\t<a class=\"elementor-button elementor-button-link elementor-size-sm\" href=\"#\">\n\t\t\t\t\t\t<span class=\"elementor-button-content-wrapper\">\n\t\t\t\t\t\t\t\t\t<span class=\"elementor-button-text\">Acc\u00e9dez \u00e0 la plateforme de r\u00e9servation !<\/span>\n\t\t\t\t\t<\/span>\n\t\t\t\t\t<\/a>\n\t\t\t\t<\/div>\n\t\t\t\t\t\t\t\t<\/div>\n\t\t\t\t<\/div>\n\t\t\t\t<div class=\"elementor-element elementor-element-2334034 exad-sticky-section-no exad-glass-effect-no elementor-widget elementor-widget-heading\" data-id=\"2334034\" data-element_type=\"widget\" data-e-type=\"widget\" data-widget_type=\"heading.default\">\n\t\t\t\t<div class=\"elementor-widget-container\">\n\t\t\t\t\t<h2 class=\"elementor-heading-title elementor-size-default\">Les tickets CE et les cartes d'abonnement peuvent \u00eatre utilis\u00e9es sur la plateforme,<br> il vous suffit de cliquer sur \"Autres moyens de paiement\" et d'entrer les codes inscrits sur vos cartes\/billets.<br>Les contre-marques (ch\u00e8ques cin\u00e9ma universels, vacances, culture, entr'aide, ...) sont pas utilisables en ligne, <br>mais nous les acceptons en caisse. <br><br>Une fois la r\u00e9servation en ligne valid\u00e9e, vous recevrez un mail \u00e0 l'adresse que vous avez indiqu\u00e9e. <br>Vos tickets se trouvent dans le PDF qui s'ouvre quand vous cliquez sur le bouton \"Mes billets\". <br><br>Avec une r\u00e9servation, vous n'avez pas besoin de faire la queue en caisse, vous pouvez prendre la file de droite<br>et pr\u00e9senter vos billets au guichet. <br><br>Mis \u00e0 part pour les s\u00e9ances \u00e9v\u00e8nementielles (cin\u00e9-rencontre, avant-premi\u00e8res, etc.) les r\u00e9servations s'ouvrent sur le week-end <br>pr\u00e9c\u00e9dent le d\u00e9but de la semaine cin\u00e9matographique (le samedi ou le dimanche pour les sorties du mercredi suivant).<\/h2>\t\t\t\t<\/div>\n\t\t\t\t<\/div>\n\t\t\t\t\t<\/div>\n\t\t<\/div>\n\t\t\t\t\t<\/div>\n\t\t<\/section>\n\t\t\t\t<\/div>\n\t\t","protected":false},"excerpt":{"rendered":"<p>Vous pouvez r\u00e9server vos places directement en caisse ou sur la plateforme de r\u00e9servation en ligne en appuyant sur le bouton ci-dessous : Acc\u00e9dez \u00e0 la plateforme de r\u00e9servation ! Les tickets CE et les cartes d&rsquo;abonnement peuvent \u00eatre utilis\u00e9es sur la plateforme, il vous suffit de cliquer sur \u00ab\u00a0Autres moyens de paiement\u00a0\u00bb et d&rsquo;entrer les codes inscrits sur vos cartes\/billets.Les contre-marques (ch\u00e8ques cin\u00e9ma universels, vacances, culture, entr&rsquo;aide, &#8230;) sont pas utilisables en ligne, mais nous les acceptons en caisse. Une fois la r\u00e9servation en ligne valid\u00e9e, vous recevrez un mail \u00e0 l&rsquo;adresse que vous avez indiqu\u00e9e. Vos tickets se trouvent dans le PDF qui s&rsquo;ouvre quand vous cliquez sur le bouton \u00ab\u00a0Mes billets\u00a0\u00bb. Avec une r\u00e9servation, vous n&rsquo;avez pas besoin de faire la queue en caisse, vous pouvez prendre la file de droiteet pr\u00e9senter vos billets au guichet. Mis \u00e0 part pour les s\u00e9ances \u00e9v\u00e8nementielles (cin\u00e9-rencontre, avant-premi\u00e8res, etc.) les r\u00e9servations s&rsquo;ouvrent sur le week-end pr\u00e9c\u00e9dent le d\u00e9but de la semaine cin\u00e9matographique (le samedi ou le dimanche pour les sorties du mercredi suivant).<\/p>\n","protected":false},"author":2,"featured_media":0,"parent":0,"menu_order":0,"comment_status":"closed","ping_status":"open","template":"","meta":{"om_disable_all_campaigns":false,"ocean_post_layout":"","ocean_both_sidebars_style":"","ocean_both_sidebars_content_width":0,"ocean_both_sidebars_sidebars_width":0,"ocean_sidebar":"0","ocean_second_sidebar":"0","ocean_disable_margins":"enable","ocean_add_body_class":"","ocean_shortcode_before_top_bar":"","ocean_shortcode_after_top_bar":"","ocean_shortcode_before_header":"","ocean_shortcode_after_header":"","ocean_has_shortcode":"","ocean_shortcode_after_title":"","ocean_shortcode_before_footer_widgets":"","ocean_shortcode_after_footer_widgets":"","ocean_shortcode_before_footer_bottom":"","ocean_shortcode_after_footer_bottom":"","ocean_display_top_bar":"default","ocean_display_header":"default","ocean_header_style":"","ocean_center_header_left_menu":"0","ocean_custom_header_template":"0","ocean_custom_logo":0,"ocean_custom_retina_logo":0,"ocean_custom_logo_max_width":0,"ocean_custom_logo_tablet_max_width":0,"ocean_custom_logo_mobile_max_width":0,"ocean_custom_logo_max_height":0,"ocean_custom_logo_tablet_max_height":0,"ocean_custom_logo_mobile_max_height":0,"ocean_header_custom_menu":"0","ocean_menu_typo_font_family":"0","ocean_menu_typo_font_subset":"","ocean_menu_typo_font_size":0,"ocean_menu_typo_font_size_tablet":0,"ocean_menu_typo_font_size_mobile":0,"ocean_menu_typo_font_size_unit":"px","ocean_menu_typo_font_weight":"","ocean_menu_typo_font_weight_tablet":"","ocean_menu_typo_font_weight_mobile":"","ocean_menu_typo_transform":"","ocean_menu_typo_transform_tablet":"","ocean_menu_typo_transform_mobile":"","ocean_menu_typo_line_height":0,"ocean_menu_typo_line_height_tablet":0,"ocean_menu_typo_line_height_mobile":0,"ocean_menu_typo_line_height_unit":"","ocean_menu_typo_spacing":0,"ocean_menu_typo_spacing_tablet":0,"ocean_menu_typo_spacing_mobile":0,"ocean_menu_typo_spacing_unit":"","ocean_menu_link_color":"","ocean_menu_link_color_hover":"","ocean_menu_link_color_active":"","ocean_menu_link_background":"","ocean_menu_link_hover_background":"","ocean_menu_link_active_background":"","ocean_menu_social_links_bg":"","ocean_menu_social_hover_links_bg":"","ocean_menu_social_links_color":"","ocean_menu_social_hover_links_color":"","ocean_disable_title":"default","ocean_disable_heading":"default","ocean_post_title":"","ocean_post_subheading":"","ocean_post_title_style":"","ocean_post_title_background_color":"","ocean_post_title_background":0,"ocean_post_title_bg_image_position":"","ocean_post_title_bg_image_attachment":"","ocean_post_title_bg_image_repeat":"","ocean_post_title_bg_image_size":"","ocean_post_title_height":0,"ocean_post_title_bg_overlay":0.5,"ocean_post_title_bg_overlay_color":"","ocean_disable_breadcrumbs":"default","ocean_breadcrumbs_color":"","ocean_breadcrumbs_separator_color":"","ocean_breadcrumbs_links_color":"","ocean_breadcrumbs_links_hover_color":"","ocean_display_footer_widgets":"default","ocean_display_footer_bottom":"default","ocean_custom_footer_template":"0","footnotes":""},"class_list":["post-1201","page","type-page","status-publish","hentry","entry"],"aioseo_notices":[],"_links":{"self":[{"href":"https:\/\/cinema-palace-53.fr\/index.php?rest_route=\/wp\/v2\/pages\/1201","targetHints":{"allow":["GET"]}}],"collection":[{"href":"https:\/\/cinema-palace-53.fr\/index.php?rest_route=\/wp\/v2\/pages"}],"about":[{"href":"https:\/\/cinema-palace-53.fr\/index.php?rest_route=\/wp\/v2\/types\/page"}],"author":[{"embeddable":true,"href":"https:\/\/cinema-palace-53.fr\/index.php?rest_route=\/wp\/v2\/users\/2"}],"replies":[{"embeddable":true,"href":"https:\/\/cinema-palace-53.fr\/index.php?rest_route=%2Fwp%2Fv2%2Fcomments&post=1201"}],"version-history":[{"count":15,"href":"https:\/\/cinema-palace-53.fr\/index.php?rest_route=\/wp\/v2\/pages\/1201\/revisions"}],"predecessor-version":[{"id":12163,"href":"https:\/\/cinema-palace-53.fr\/index.php?rest_route=\/wp\/v2\/pages\/1201\/revisions\/12163"}],"wp:attachment":[{"href":"https:\/\/cinema-palace-53.fr\/index.php?rest_route=%2Fwp%2Fv2%2Fmedia&parent=1201"}],"curies":[{"name":"wp","href":"https:\/\/api.w.org\/{rel}","templated":true}]}}